{"id":3,"date":"2024-11-22T17:28:57","date_gmt":"2024-11-22T17:28:57","guid":{"rendered":"http:\/\/bonart.pt\/?page_id=3"},"modified":"2025-10-30T17:27:12","modified_gmt":"2025-10-30T17:27:12","slug":"politica-de-privacidade-e-cookies","status":"publish","type":"page","link":"https:\/\/bonart.pt\/?page_id=3","title":{"rendered":"Pol\u00edtica de Privacidade e Cookies"},"content":{"rendered":"\t\t<div data-elementor-type=\"wp-page\" data-elementor-id=\"3\" class=\"elementor elementor-3\" data-elementor-post-type=\"page\">\n\t\t\t\t\t\t<section class=\"elementor-section elementor-top-section elementor-element elementor-element-922d8e0 elementor-section-content-bottom elementor-section-boxed elementor-section-height-default elementor-section-height-default wpr-particle-no wpr-jarallax-no wpr-parallax-no wpr-sticky-section-no\" data-id=\"922d8e0\" data-element_type=\"section\" data-settings=\"{&quot;background_background&quot;:&quot;classic&quot;}\">\n\t\t\t\t\t\t<div class=\"elementor-container elementor-column-gap-default\">\n\t\t\t\t\t<div class=\"elementor-column elementor-col-100 elementor-top-column elementor-element elementor-element-ca4cd8f\" data-id=\"ca4cd8f\" data-element_type=\"column\">\n\t\t\t<div class=\"elementor-widget-wrap elementor-element-populated\">\n\t\t\t\t\t\t<div class=\"elementor-element elementor-element-9f83cc7 elementor-widget__width-initial elementor-widget elementor-widget-html\" data-id=\"9f83cc7\" data-element_type=\"widget\" data-widget_type=\"html.default\">\n\t\t\t\t<div class=\"elementor-widget-container\">\n\t\t\t\t\t<svg viewBox=\"0 0 260 295\" fill=\"none\" xmlns=\"http:\/\/www.w3.org\/2000\/svg\">\n<path d=\"M97.9053 287H96.3383V272.997H97.9053V278.843H105.68V272.997H107.247V287H105.68V280.29H97.9053V287ZM112.14 285.212C110.734 283.826 110.031 282.078 110.031 280.009C110.031 277.939 110.734 276.212 112.14 274.825C113.567 273.439 115.294 272.736 117.324 272.736C119.353 272.736 121.08 273.439 122.487 274.825C123.913 276.212 124.616 277.939 124.616 280.009C124.616 282.078 123.913 283.826 122.487 285.212C121.08 286.598 119.353 287.281 117.324 287.281C115.294 287.281 113.567 286.598 112.14 285.212ZM113.205 275.85C112.12 276.955 111.578 278.341 111.578 280.009C111.578 281.676 112.12 283.082 113.205 284.187C114.31 285.292 115.676 285.835 117.324 285.835C118.971 285.835 120.337 285.292 121.422 284.187C122.507 283.082 123.049 281.676 123.049 280.009C123.049 278.341 122.507 276.955 121.422 275.85C120.337 274.745 118.971 274.183 117.324 274.183C115.676 274.183 114.31 274.745 113.205 275.85ZM128.962 287H127.415V272.997H128.861L134.205 281.877L139.549 272.997H140.976V287H139.429V276.091L134.205 284.649L128.962 276.111V287ZM152.736 287H144.68V272.997H152.595V274.444H146.247V278.884H152.214V280.33H146.247V285.554H152.736V287ZM154.681 283.926L156.027 283.303C156.73 284.991 157.896 285.835 159.543 285.835C160.728 285.835 161.572 285.433 161.914 284.85C162.255 284.268 162.356 283.846 162.356 283.364C162.356 282.6 162.114 282.018 161.652 281.616C161.19 281.214 160.367 280.752 159.222 280.25C157.956 279.687 157.012 279.125 156.429 278.582C155.846 278.04 155.545 277.236 155.545 276.212C155.545 275.207 155.907 274.383 156.63 273.721C157.353 273.058 158.277 272.736 159.382 272.736C161.09 272.736 162.356 273.479 163.159 274.966L161.813 275.649C161.291 274.665 160.467 274.183 159.362 274.183C158.096 274.183 157.112 275.026 157.112 276.171C157.112 276.895 157.293 277.377 157.936 277.859C158.277 278.08 158.538 278.261 158.759 278.381L159.965 278.924C161.391 279.547 162.396 280.169 162.998 280.792C163.621 281.395 163.923 282.239 163.923 283.344C163.923 284.489 163.541 285.433 162.757 286.176C161.994 286.92 160.909 287.281 159.523 287.281C157.293 287.281 155.485 286.156 154.681 283.926Z\" fill=\"#6B3D15\"\/>\n<path d=\"M53.02 85.7708C58.35 87.1608 62.72 90.0208 66.14 94.3408C69.6 98.7608 71.34 103.781 71.34 109.411C71.34 116.131 68.96 121.861 64.19 126.631C59.42 131.391 53.68 133.781 46.97 133.781H1.35999V40.5508H40.34C47.1 40.5508 52.86 42.9308 57.62 47.7008C62.38 52.4708 64.77 58.2308 64.77 64.9808C64.77 74.0808 60.85 81.0108 53.01 85.7708H53.02ZM5.65997 85.0608H40.35C45.89 85.0608 50.64 83.0908 54.58 79.1508C58.52 75.2108 60.49 70.4908 60.49 64.9908C60.49 59.4908 58.52 54.7008 54.58 50.7608C50.64 46.8208 45.9 44.8508 40.35 44.8508H5.65997V85.0708V85.0608ZM46.98 129.501C52.52 129.501 57.25 127.531 61.15 123.591C65.09 119.691 67.06 114.971 67.06 109.421C67.06 103.871 65.09 99.1308 61.15 95.1908C57.25 91.2908 52.53 89.3408 46.98 89.3408H5.65997V129.491H46.98V129.501Z\" fill=\"#6B3D15\"\/>\n<path d=\"M95.12 121.7C85.77 112.39 81.09 101.13 81.09 87.9199C81.09 74.7099 85.77 63.5099 95.12 54.1999C104.43 44.8399 115.69 40.1699 128.9 40.1699C142.11 40.1699 153.31 44.8499 162.62 54.1999C171.98 63.5099 176.65 74.7499 176.65 87.9199C176.65 101.09 171.97 112.39 162.62 121.7C153.31 131.05 142.07 135.73 128.9 135.73C115.73 135.73 104.43 131.05 95.12 121.7ZM98.11 57.1799C89.62 65.7099 85.38 75.9599 85.38 87.9099C85.38 99.8599 89.62 110.17 98.11 118.71C106.64 127.2 116.91 131.44 128.91 131.44C140.91 131.44 151.11 127.19 159.64 118.71C168.13 110.18 172.37 99.9099 172.37 87.9099C172.37 75.9099 168.12 65.7099 159.64 57.1799C151.11 48.6899 140.86 44.4499 128.91 44.4499C116.96 44.4499 106.65 48.6999 98.11 57.1799Z\" fill=\"#6B3D15\"\/>\n<path d=\"M259.63 40.5508V133.781H253L190.11 43.2108V133.781H185.82V40.5508H193.48L255.33 129.631V40.5508H259.62H259.63Z\" fill=\"#6B3D15\"\/>\n<path d=\"M46.81 156.039L85.4 249.269H80.79L72.15 228.409H13.74L5.09998 249.269H0.48999L39.15 156.039H46.82H46.81ZM15.56 224.129H70.4L42.98 157.989L15.56 224.129Z\" fill=\"#6B3D15\"\/>\n<path d=\"M174.29 187.419C174.29 195.429 171.58 202.429 166.17 208.409C160.8 214.339 154.17 217.739 146.29 218.609L164.16 249.279H159.22L141.42 218.809H103.22V249.279H98.93V156.049H142.91C151.57 156.049 158.96 159.129 165.06 165.279C171.21 171.389 174.29 178.769 174.29 187.439V187.419ZM142.91 214.509C150.4 214.509 156.79 211.849 162.08 206.519C167.37 201.229 170.01 194.869 170.01 187.419C170.01 179.969 167.37 173.539 162.08 168.249C156.79 162.969 150.41 160.319 142.91 160.319H103.21V214.509H142.91Z\" fill=\"#6B3D15\"\/>\n<path d=\"M259.25 156.039V160.329H226.12V249.279H221.83V160.329H188.7V156.039H259.25Z\" fill=\"#6B3D15\"\/>\n<path d=\"M94.5474 14.9492H92.8134V4.96121H94.3897L99.6775 11.8969V4.96121H101.411V14.9492H99.9498L94.5474 7.88453V14.9492ZM108.36 15.1498C106.884 15.1498 105.637 14.6483 104.62 13.6595C103.603 12.6707 103.087 11.4384 103.087 9.97671C103.087 8.51505 103.603 7.28267 104.62 6.2939C105.637 5.2908 106.884 4.78925 108.36 4.78925C109.836 4.78925 111.083 5.2908 112.1 6.2939C113.132 7.28267 113.648 8.51505 113.648 9.97671C113.648 11.4384 113.132 12.6707 112.115 13.6595C111.097 14.6483 109.836 15.1498 108.36 15.1498ZM104.849 9.97671C104.849 10.9941 105.179 11.8396 105.852 12.5131C106.526 13.1866 107.371 13.5305 108.36 13.5305C109.349 13.5305 110.18 13.1866 110.854 12.5131C111.527 11.8253 111.871 10.9798 111.871 9.97671C111.871 8.97361 111.527 8.12814 110.854 7.4403C110.18 6.75246 109.349 6.40854 108.36 6.40854C107.371 6.40854 106.526 6.75246 105.852 7.4403C105.179 8.12814 104.849 8.97361 104.849 9.97671ZM117.107 14.9492H115.316V4.96121H119.199C120.102 4.96121 120.862 5.26214 121.492 5.87833C122.123 6.48019 122.438 7.22535 122.438 8.12814C122.438 9.43217 121.707 10.5069 120.618 10.9655L123.04 14.9492H121.019L118.884 11.3954H118.856H117.107V14.9492ZM117.107 6.5805V9.79042H119.013C119.988 9.79042 120.661 9.11691 120.661 8.1568C120.661 7.23968 120.016 6.5805 119.156 6.5805H117.107ZM130.889 14.9492H124.426V4.96121H130.789V6.5805H126.217V8.95928H130.502V10.5786H126.217V13.3299H130.889V14.9492ZM137.454 15.1498C135.978 15.1498 134.731 14.6483 133.714 13.6595C132.696 12.6707 132.181 11.4384 132.181 9.97671C132.181 8.51505 132.696 7.28267 133.714 6.2939C134.731 5.2908 135.978 4.78925 137.454 4.78925C138.93 4.78925 140.177 5.2908 141.194 6.2939C142.226 7.28267 142.742 8.51505 142.742 9.97671C142.742 11.4384 142.226 12.6707 141.208 13.6595C140.191 14.6483 138.93 15.1498 137.454 15.1498ZM133.943 9.97671C133.943 10.9941 134.273 11.8396 134.946 12.5131C135.62 13.1866 136.465 13.5305 137.454 13.5305C138.443 13.5305 139.274 13.1866 139.947 12.5131C140.621 11.8253 140.965 10.9798 140.965 9.97671C140.965 8.97361 140.621 8.12814 139.947 7.4403C139.274 6.75246 138.443 6.40854 137.454 6.40854C136.465 6.40854 135.62 6.75246 134.946 7.4403C134.273 8.12814 133.943 8.97361 133.943 9.97671ZM146.144 14.9492H144.41V4.96121H145.986L151.274 11.8969V4.96121H153.008V14.9492H151.546L146.144 7.88453V14.9492Z\" fill=\"#6B3D15\"\/>\n<\/svg>\n\t\t\t\t<\/div>\n\t\t\t\t<\/div>\n\t\t\t\t\t<\/div>\n\t\t<\/div>\n\t\t\t\t\t<\/div>\n\t\t<\/section>\n\t\t\t\t<section class=\"elementor-section elementor-top-section elementor-element elementor-element-b3308fe elementor-section-boxed elementor-section-height-default elementor-section-height-default wpr-particle-no wpr-jarallax-no wpr-parallax-no wpr-sticky-section-no\" data-id=\"b3308fe\" data-element_type=\"section\">\n\t\t\t\t\t\t<div class=\"elementor-container elementor-column-gap-default\">\n\t\t\t\t\t<div class=\"elementor-column elementor-col-100 elementor-top-column elementor-element elementor-element-e19788e\" data-id=\"e19788e\" data-element_type=\"column\">\n\t\t\t<div class=\"elementor-widget-wrap elementor-element-populated\">\n\t\t\t\t\t\t<div class=\"elementor-element elementor-element-b508221 elementor-widget elementor-widget-text-editor\" data-id=\"b508221\" data-element_type=\"widget\" data-widget_type=\"text-editor.default\">\n\t\t\t\t<div class=\"elementor-widget-container\">\n\t\t\t\t\t\t\t\t\t<h3><strong>Pol\u00edtica de Privacidade e Cookies \u2014 Bonart Homes<\/strong><\/h3>\n<p><strong>\u00daltima atualiza\u00e7\u00e3o:<\/strong>\u00a0Novembro de 2025<\/p>\n<p>A presente Pol\u00edtica de Privacidade e Cookies explica como a <strong>Noreon, Lda.<\/strong>\u00a0(\u201cNoreon\u201d, \u201cn\u00f3s\u201d, \u201cnosso\/a\u201d) recolhe, utiliza e protege os dados pessoais dos utilizadores do website<a href=\"http:\/\/www.bonart.pt\">\u00a0<\/a><a href=\"http:\/\/www.bonart.pt\"><strong><u>www.bonart.pt<\/u><\/strong><\/a>\u00a0(o \u201cWebsite\u201d).<br \/>\u00a0Ao navegar no nosso site, est\u00e1 a concordar com as pr\u00e1ticas descritas nesta Pol\u00edtica.<\/p>\n<h4><strong>1. Respons\u00e1vel pelo Tratamento dos Dados<\/strong><\/h4>\n<p>A Noreon, Lda., sociedade registada em Portugal, \u00e9 a respons\u00e1vel pelo tratamento dos dados pessoais recolhidos atrav\u00e9s do Website.<br \/><strong>Sede:<\/strong>\u00a0Rua Ant\u00f3nio Carneiro, N\u00b0 302 A\/B 4300-025 Porto<br \/><strong>Email:<\/strong>\u00a0noreon@noreon.pt<br \/><strong>Telefone:<\/strong>\u00a0+351 226 073 720 | +351 914 546 438<\/p>\n<h4><strong>2. Dados Pessoais Recolhidos<\/strong><\/h4>\n<p>Podemos recolher os seguintes dados:<\/p>\n<ul>\n<li><strong>Informa\u00e7\u00f5es de contacto:<\/strong>nome, e-mail, n\u00famero de telefone, cidade ou pa\u00eds de origem.<\/li>\n<li><strong>Informa\u00e7\u00f5es sobre interesse comercial:<\/strong>tipologia de im\u00f3vel de interesse, faixa de investimento, prefer\u00eancias de contacto.<\/li>\n<li><strong>Informa\u00e7\u00f5es de navega\u00e7\u00e3o:<\/strong>endere\u00e7o IP, tipo de navegador, tempo de visita, p\u00e1ginas visualizadas e cookies.<\/li>\n<\/ul>\n<p>Os dados s\u00e3o recolhidos quando:<\/p>\n<ul>\n<li>Submete formul\u00e1rios de contacto ou de pedido de informa\u00e7\u00e3o;<\/li>\n<li>Subscreve newsletters ou campanhas de marketing;<\/li>\n<li>Interage com os nossos an\u00fancios ou e-mails;<\/li>\n<li>Navega no Website.<\/li>\n<\/ul>\n<ol start=\"3\">\n<li><strong> Finalidades do Tratamento<\/strong><\/li>\n<\/ol>\n<p>Os dados recolhidos s\u00e3o utilizados para:<\/p>\n<ul>\n<li>Gerir pedidos de informa\u00e7\u00e3o ou contacto comercial;<\/li>\n<li>Enviar comunica\u00e7\u00f5es sobre o empreendimento Bonart Homes e outros projetos Noreon;<\/li>\n<li>Realizar a\u00e7\u00f5es de marketing e remarketing digital;<\/li>\n<li>Melhorar a experi\u00eancia do utilizador no Website;<\/li>\n<li>Cumprir obriga\u00e7\u00f5es legais e regulat\u00f3rias.<\/li>\n<\/ul>\n<h4><strong>4. Base Legal para o Tratamento<\/strong><\/h4>\n<p>O tratamento de dados pessoais baseia-se em:<\/p>\n<ul>\n<li><strong>Consentimento do titular<\/strong>, quando subscreve comunica\u00e7\u00f5es ou campanhas;<\/li>\n<li><strong>Execu\u00e7\u00e3o de dilig\u00eancias pr\u00e9-contratuais<\/strong>, quando solicita informa\u00e7\u00f5es;<\/li>\n<li><strong>Interesse leg\u00edtimo da Noreon<\/strong>, para fins de marketing direto e melhoria de servi\u00e7os;<\/li>\n<li><strong>Cumprimento de obriga\u00e7\u00f5es legais<\/strong>, quando aplic\u00e1vel.<\/li>\n<\/ul>\n<ol start=\"5\">\n<li><strong> Partilha de Dados<\/strong><\/li>\n<\/ol>\n<p>A Noreon poder\u00e1 partilhar dados pessoais com:<\/p>\n<ul>\n<li><strong>Parceiros comerciais<\/strong>e <strong>intermedi\u00e1rios de cr\u00e9dito<\/strong>\u00a0associados ao projeto Bonart Homes;<\/li>\n<li><strong>Prestadores de servi\u00e7os<\/strong>(ex.: ag\u00eancias de marketing digital, alojamento web, CRM);<\/li>\n<li><strong>Autoridades p\u00fablicas<\/strong>, quando exigido por lei.<\/li>\n<\/ul>\n<p>Todos os terceiros atuam em conformidade com o RGPD e apenas tratam dados conforme instru\u00e7\u00f5es da Noreon.<\/p>\n<h4><strong>6. Conserva\u00e7\u00e3o dos Dados<\/strong><\/h4>\n<p>Os dados pessoais s\u00e3o mantidos apenas pelo per\u00edodo necess\u00e1rio para cumprir as finalidades descritas ou conforme exigido por lei.<\/p>\n<ul>\n<li>Dados de contacto: at\u00e9 2 anos ap\u00f3s o \u00faltimo contacto.<\/li>\n<li>Dados comerciais: at\u00e9 \u00e0 conclus\u00e3o do processo de compra ou 3 anos ap\u00f3s o \u00faltimo contacto ativo.<\/li>\n<li>Dados anal\u00edticos: conforme a pol\u00edtica de cookies (ver abaixo).<\/li>\n<\/ul>\n<ol start=\"7\">\n<li><strong> Direitos dos Titulares dos Dados<\/strong><\/li>\n<\/ol>\n<p>De acordo com o RGPD, o utilizador pode a qualquer momento exercer os seguintes direitos:<\/p>\n<ul>\n<li>Acesso aos seus dados pessoais;<\/li>\n<li>Retifica\u00e7\u00e3o ou atualiza\u00e7\u00e3o de informa\u00e7\u00f5es incorretas;<\/li>\n<li>Apagamento dos seus dados (\u201cdireito a ser esquecido\u201d);<\/li>\n<li>Limita\u00e7\u00e3o ou oposi\u00e7\u00e3o ao tratamento;<\/li>\n<li>Portabilidade dos dados;<\/li>\n<li>Retirada de consentimento a qualquer momento.<\/li>\n<\/ul>\n<p>Para exercer estes direitos, contacte-nos atrav\u00e9s de:<br \/>\u00a0<strong>noreon@noreon.pt<\/strong><\/p>\n<ol start=\"8\">\n<li><strong> Seguran\u00e7a dos Dados<\/strong><\/li>\n<\/ol>\n<p>Implementamos medidas t\u00e9cnicas e organizativas adequadas para garantir a prote\u00e7\u00e3o dos dados pessoais contra acesso n\u00e3o autorizado, perda, altera\u00e7\u00e3o ou destrui\u00e7\u00e3o.<\/p>\n<ol start=\"9\">\n<li><strong> Cookies<\/strong><\/li>\n<\/ol>\n<h4><strong>O que s\u00e3o Cookies?<\/strong><\/h4>\n<p>Cookies s\u00e3o pequenos ficheiros armazenados no seu dispositivo que permitem reconhecer o utilizador e melhorar a experi\u00eancia de navega\u00e7\u00e3o.<\/p>\n<h4><strong>Tipos de Cookies Utilizados<\/strong><\/h4>\n<ul>\n<li><strong>Cookies essenciais:<\/strong>necess\u00e1rios para o funcionamento b\u00e1sico do site.<\/li>\n<li><strong>Cookies anal\u00edticos:<\/strong>recolhem dados sobre o uso do site (Google Analytics, Meta Pixel).<\/li>\n<li><strong>Cookies de marketing:<\/strong>utilizados para personalizar an\u00fancios e campanhas publicit\u00e1rias.<\/li>\n<\/ul>\n<h3><strong>Gest\u00e3o de Cookies<\/strong><\/h3>\n<p>Pode configurar o seu navegador para rejeitar cookies ou eliminar cookies existentes.<br \/>\u00a0Note que algumas funcionalidades do Website poder\u00e3o deixar de funcionar corretamente se os cookies forem desativados.<\/p>\n<p>Para mais informa\u00e7\u00f5es, consulte as instru\u00e7\u00f5es do seu navegador (Chrome, Firefox, Safari, Edge).<\/p>\n<h4><strong>10. Altera\u00e7\u00f5es \u00e0 Pol\u00edtica de Privacidade<\/strong><\/h4>\n<p>A Noreon reserva-se o direito de atualizar esta Pol\u00edtica a qualquer momento. As altera\u00e7\u00f5es ser\u00e3o publicadas nesta p\u00e1gina, com indica\u00e7\u00e3o da data da \u00faltima atualiza\u00e7\u00e3o.<\/p>\n<h4><strong>11. Contactos<\/strong><\/h4>\n<p>Para quest\u00f5es relacionadas com esta Pol\u00edtica de Privacidade e Cookies:<br \/>\u00a0<strong>noreon@noreon.pt<\/strong><strong><br \/><\/strong><a href=\"http:\/\/www.noreon.pt\"><strong><u>www.noreon.pt<\/u><\/strong><\/a>\u00a0\/<a href=\"http:\/\/www.bonart.pt\">\u00a0<\/a><a href=\"http:\/\/www.bonart.pt\"><strong><u>www.bonart.pt<\/u><\/strong><\/a><\/p>\n<p>\u00a0<\/p>\t\t\t\t\t\t\t\t<\/div>\n\t\t\t\t<\/div>\n\t\t\t\t\t<\/div>\n\t\t<\/div>\n\t\t\t\t\t<\/div>\n\t\t<\/section>\n\t\t\t\t<\/div>\n\t\t","protected":false},"excerpt":{"rendered":"<p>Pol\u00edtica de Privacidade e Cookies \u2014 Bonart Homes \u00daltima atualiza\u00e7\u00e3o:\u00a0Novembro de 2025 A presente Pol\u00edtica de Privacidade e Cookies explica como a Noreon, Lda.\u00a0(\u201cNoreon\u201d, \u201cn\u00f3s\u201d, \u201cnosso\/a\u201d) recolhe, utiliza e protege os dados pessoais dos utilizadores do website\u00a0www.bonart.pt\u00a0(o \u201cWebsite\u201d).\u00a0Ao navegar no nosso site, est\u00e1 a concordar com as pr\u00e1ticas descritas nesta Pol\u00edtica. 1. Respons\u00e1vel pelo Tratamento dos Dados A Noreon, Lda., sociedade registada em Portugal, \u00e9 a respons\u00e1vel pelo tratamento dos dados pessoais recolhidos atrav\u00e9s do Website.Sede:\u00a0Rua Ant\u00f3nio Carneiro, N\u00b0 302 A\/B 4300-025 PortoEmail:\u00a0noreon@noreon.ptTelefone:\u00a0+351 226 073 720 | +351 914 546 438 2. Dados Pessoais Recolhidos Podemos recolher os seguintes dados: Informa\u00e7\u00f5es de contacto:nome, e-mail, n\u00famero de telefone, cidade ou pa\u00eds de origem. Informa\u00e7\u00f5es sobre interesse comercial:tipologia de im\u00f3vel de interesse, faixa de investimento, prefer\u00eancias de contacto. Informa\u00e7\u00f5es de navega\u00e7\u00e3o:endere\u00e7o IP, tipo de navegador, tempo de visita, p\u00e1ginas visualizadas e cookies. Os dados s\u00e3o recolhidos quando: Submete formul\u00e1rios de contacto ou de pedido de informa\u00e7\u00e3o; Subscreve newsletters ou campanhas de marketing; Interage com os nossos an\u00fancios ou e-mails; Navega no Website. Finalidades do Tratamento Os dados recolhidos s\u00e3o utilizados para: Gerir pedidos de informa\u00e7\u00e3o ou contacto comercial; Enviar comunica\u00e7\u00f5es sobre o empreendimento Bonart Homes e outros projetos Noreon; Realizar a\u00e7\u00f5es de marketing e remarketing digital; Melhorar a experi\u00eancia do utilizador no Website; Cumprir obriga\u00e7\u00f5es legais e regulat\u00f3rias. 4. Base Legal para o Tratamento O tratamento de dados pessoais baseia-se em: Consentimento do titular, quando subscreve comunica\u00e7\u00f5es ou campanhas; Execu\u00e7\u00e3o de dilig\u00eancias pr\u00e9-contratuais, quando solicita informa\u00e7\u00f5es; Interesse leg\u00edtimo da Noreon, para fins de marketing direto e melhoria de servi\u00e7os; Cumprimento de obriga\u00e7\u00f5es legais, quando aplic\u00e1vel. Partilha de Dados A Noreon poder\u00e1 partilhar dados pessoais com: Parceiros comerciaise intermedi\u00e1rios de cr\u00e9dito\u00a0associados ao projeto Bonart Homes; Prestadores de servi\u00e7os(ex.: ag\u00eancias de marketing digital, alojamento web, CRM); Autoridades p\u00fablicas, quando exigido por lei. Todos os terceiros atuam em conformidade com o RGPD e apenas tratam dados conforme instru\u00e7\u00f5es da Noreon. 6. Conserva\u00e7\u00e3o dos Dados Os dados pessoais s\u00e3o mantidos apenas pelo per\u00edodo necess\u00e1rio para cumprir as finalidades descritas ou conforme exigido por lei. Dados de contacto: at\u00e9 2 anos ap\u00f3s o \u00faltimo contacto. Dados comerciais: at\u00e9 \u00e0 conclus\u00e3o do processo de compra ou 3 anos ap\u00f3s o \u00faltimo contacto ativo. Dados anal\u00edticos: conforme a pol\u00edtica de cookies (ver abaixo). Direitos dos Titulares dos Dados De acordo com o RGPD, o utilizador pode a qualquer momento exercer os seguintes direitos: Acesso aos seus dados pessoais; Retifica\u00e7\u00e3o ou atualiza\u00e7\u00e3o de informa\u00e7\u00f5es incorretas; Apagamento dos seus dados (\u201cdireito a ser esquecido\u201d); Limita\u00e7\u00e3o ou oposi\u00e7\u00e3o ao tratamento; Portabilidade dos dados; Retirada de consentimento a qualquer momento. Para exercer estes direitos, contacte-nos atrav\u00e9s de:\u00a0noreon@noreon.pt Seguran\u00e7a dos Dados Implementamos medidas t\u00e9cnicas e organizativas adequadas para garantir a prote\u00e7\u00e3o dos dados pessoais contra acesso n\u00e3o autorizado, perda, altera\u00e7\u00e3o ou destrui\u00e7\u00e3o. Cookies O que s\u00e3o Cookies? Cookies s\u00e3o pequenos ficheiros armazenados no seu dispositivo que permitem reconhecer o utilizador e melhorar a experi\u00eancia de navega\u00e7\u00e3o. Tipos de Cookies Utilizados Cookies essenciais:necess\u00e1rios para o funcionamento b\u00e1sico do site. Cookies anal\u00edticos:recolhem dados sobre o uso do site (Google Analytics, Meta Pixel). Cookies de marketing:utilizados para personalizar an\u00fancios e campanhas publicit\u00e1rias. Gest\u00e3o de Cookies Pode configurar o seu navegador para rejeitar cookies ou eliminar cookies existentes.\u00a0Note que algumas funcionalidades do Website poder\u00e3o deixar de funcionar corretamente se os cookies forem desativados. Para mais informa\u00e7\u00f5es, consulte as instru\u00e7\u00f5es do seu navegador (Chrome, Firefox, Safari, Edge). 10. Altera\u00e7\u00f5es \u00e0 Pol\u00edtica de Privacidade A Noreon reserva-se o direito de atualizar esta Pol\u00edtica a qualquer momento. As altera\u00e7\u00f5es ser\u00e3o publicadas nesta p\u00e1gina, com indica\u00e7\u00e3o da data da \u00faltima atualiza\u00e7\u00e3o. 11. Contactos Para quest\u00f5es relacionadas com esta Pol\u00edtica de Privacidade e Cookies:\u00a0noreon@noreon.ptwww.noreon.pt\u00a0\/\u00a0www.bonart.pt \u00a0<\/p>\n","protected":false},"author":1,"featured_media":0,"parent":0,"menu_order":0,"comment_status":"closed","ping_status":"closed","template":"elementor_canvas","meta":{"footnotes":""},"class_list":["post-3","page","type-page","status-publish","hentry"],"_links":{"self":[{"href":"https:\/\/bonart.pt\/index.php?rest_route=\/wp\/v2\/pages\/3","targetHints":{"allow":["GET"]}}],"collection":[{"href":"https:\/\/bonart.pt\/index.php?rest_route=\/wp\/v2\/pages"}],"about":[{"href":"https:\/\/bonart.pt\/index.php?rest_route=\/wp\/v2\/types\/page"}],"author":[{"embeddable":true,"href":"https:\/\/bonart.pt\/index.php?rest_route=\/wp\/v2\/users\/1"}],"replies":[{"embeddable":true,"href":"https:\/\/bonart.pt\/index.php?rest_route=%2Fwp%2Fv2%2Fcomments&post=3"}],"version-history":[{"count":7,"href":"https:\/\/bonart.pt\/index.php?rest_route=\/wp\/v2\/pages\/3\/revisions"}],"predecessor-version":[{"id":418,"href":"https:\/\/bonart.pt\/index.php?rest_route=\/wp\/v2\/pages\/3\/revisions\/418"}],"wp:attachment":[{"href":"https:\/\/bonart.pt\/index.php?rest_route=%2Fwp%2Fv2%2Fmedia&parent=3"}],"curies":[{"name":"wp","href":"https:\/\/api.w.org\/{rel}","templated":true}]}}